late the greatest common divisor of 860 and 119110.
430
What is the highest common factor of 90 and 9936?
18
Calculate the greatest common divisor of 30472 and 390.
26
Calculate the greatest common divisor of 2970 and 38170.
110
Calculate the greatest common factor of 5 and 130805.
5
What is the highest common divisor of 196 and 1666?
98
Calculate the greatest common factor of 54 and 52011.
9
What is the greatest common factor of 43 and 691741?
43
What is the highest common divisor of 135 and 24327?
27
Calculate the greatest common divisor of 1205 and 310.
5
What is the greatest common divisor of 680 and 844560?
680
What is the greatest common divisor of 108 and 91503?
27
Calculate the highest common factor of 6345 and 2160.
135
Calculate the greatest common factor of 585 and 113763.
39
Calculate the greatest common factor of 472311 and 945.
189
What is the highest common divisor of 1764 and 20034?
126
What is the highest common divisor of 4634323 and 67?
67
What is the greatest common divisor of 462 and 4000458?
462
What is the greatest common factor of 173374 and 69?
23
Calculate the greatest common factor of 10672 and 869101.
667
What is the highest common divisor of 20013 and 1848?
21
Calculate the greatest common factor of 53774 and 28336.
322
Calculate the highest common divisor of 240608 and 74168.
584
Calculate the greatest common factor of 3717 and 679.
7
What is the greatest common divisor of 228 and 471998?
38
Calculate the greatest common divisor of 76162 and 32770.
226
Calculate the greatest common divisor of 2550 and 1950.
150
What is the highest common divisor of 10 and 254285?
5
What is the highest common divisor of 54 and 483687?
9
Calculate the highest common divisor of 24 and 771448.
8
What is the highest common divisor of 1131301 and 487?
487
Calculate the greatest common factor of 3682395 and 75.
15
What is the highest common factor of 15 and 254145?
15
Calculate the greatest common factor of 2580 and 1018455.
645
Calculate the greatest common factor of 705 and 58985.
235
Calculate the highest common factor of 426358 and 174.
58
What is the highest common divisor of 3402 and 112?
14
What is the highest common divisor of 2091 and 187119?
51
Calculate the greatest common divisor of 246 and 4835007.
123
Calculate the highest common divisor of 1410 and 5790.
30
What is the greatest common divisor of 36 and 801756?
36
What is the greatest common factor of 170 and 13255?
5
Calculate the greatest common factor of 4404 and 432.
12
Calculate the greatest common factor of 119652 and 472.
236
Calculate the highest common divisor of 2149956 and 108.
108
Calculate the greatest common divisor of 88375 and 325.
25
What is the greatest common factor of 44834 and 348?
58
Calculate the greatest common divisor of 13194105 and 15.
15
What is the greatest common divisor of 508 and 52?
4
Calculate the greatest common factor of 582 and 4422327.
291
Calculate the highest common factor of 424290 and 45.
15
What is the greatest common factor of 378 and 95067?
189
What is the greatest common factor of 2 and 314362?
2
What is the greatest common factor of 373434 and 24?
6
What is the highest common factor of 503307 and 567?
189
Calculate the highest common divisor of 11412 and 108.
36
Calculate the highest common divisor of 48552 and 15036.
84
What is the greatest common factor of 794 and 267181?
397
Calculate the greatest common divisor of 17587 and 5633.
43
What is the highest common divisor of 17 and 5743?
1
What is the greatest common factor of 522 and 1158?
6
Calculate the greatest common factor of 13937 and 29141.
1267
What is the greatest common divisor of 159612 and 47?
47
What is the highest common factor of 1390 and 80342?
278
Calculate the highest common divisor of 29 and 325177.
29
Calculate the highest common divisor of 359 and 210733.
359
What is the greatest common factor of 93130 and 556?
278
Calculate the greatest common divisor of 4183 and 801.
89
Calculate the highest common factor of 1508 and 507.
13
What is the greatest common factor of 110171 and 232?
29
Calculate the greatest common factor of 544394 and 586.
586
Calculate the highest common divisor of 572 and 1595022.
286
What is the highest common divisor of 1430 and 935?
55
Calculate the greatest common divisor of 7311 and 21.
3
Calculate the highest common factor of 41101 and 92.
23
What is the greatest common factor of 6 and 852114?
6
Calculate the greatest common factor of 3219 and 1943.
29
Calculate the highest common factor of 14100 and 950.
50
What is the greatest common divisor of 459 and 1717?
17
Calculate the greatest common factor of 208 and 2050672.
208
What is the highest common factor of 15 and 144660?
15
What is the highest common divisor of 2548 and 6916?
364
Calculate the highest common factor of 123475 and 45925.
275
What is the highest common divisor of 57638 and 4508?
322
What is the highest common divisor of 13338 and 606?
6
Calculate the highest common divisor of 10206 and 77.
7
Calculate the greatest common factor of 1283001 and 13881.
1983
What is the greatest common divisor of 27476 and 68?
4
What is the greatest common divisor of 1131 and 1365?
39
Calculate the highest common factor of 52531 and 11629.
401
Calculate the greatest common factor of 92 and 114678.
46
Calculate the highest common divisor of 686 and 3194.
2
Calculate the greatest common factor of 39 and 1116453.
39
Calculate the greatest common divisor of 55 and 72875.
55
Calculate the greatest common factor of 17 and 131512.
17
Calculate the greatest common divisor of 900 and 1275.
75
Calculate the highest common factor of 10724 and 588.
28
Calculate the greatest common divisor of 4978 and 5738.
38
Calculate the greatest common divisor of 2861 and 37.
1
What is the greatest common divisor of 581 and 7802?
83
Calculate the greatest common divisor of 44832 and 88.
8
What is the greatest common factor of 672 and 121248?
96
What is the highest common divisor of 16 and 1508744?
8
Calculate the greatest common factor of 1784 and 97674.
446
Calculate the greatest common factor of 150 and 402.
6
Calculate the highest common factor of 4188 and 204.
12
What is the greatest common factor of 1463171 and 1007?
1007
What is the greatest common divisor of 237356 and 33614?
686
What is the highest common factor of 7 and 217231?
7
What is the highest common divisor of 133928 and 32?
8
Calculate the highest common divisor of 853168 and 32.
16
What is the greatest common factor of 114244 and 1014?
338
What is the greatest common factor of 105891 and 47?
47
What is the greatest common factor of 112 and 1330672?
112
What is the greatest common factor of 189 and 1918?
7
What is the highest common divisor of 34398 and 2142?
126
Calculate the greatest common factor of 11580 and 270.
30
Calculate the greatest common factor of 75 and 19590.
15
What is the highest common divisor of 989 and 11567?
43
Calculate the highest common factor of 5207 and 1397.
127
What is the greatest common factor of 300 and 132100?
100
Calculate the greatest common divisor of 93 and 74741.
31
What is the greatest common factor of 7249 and 891?
11
What is the highest common divisor of 146 and 49859?
73
Calculate the highest common factor of 663451 and 5465.
1093
What is the greatest common factor of 18147 and 44643?
69
What is the greatest common factor of 2140 and 51895?
535
Calculate the highest common factor of 17739 and 144.
9
What is the highest common factor of 567 and 82026?
189
What is the greatest common divisor of 2645 and 437?
23
Calculate the highest common divisor of 2563 and 116966.
233
What is the greatest common factor of 1216456 and 302?
302
Calculate the greatest common divisor of 14359 and 27161.
173
Calculate the greatest common divisor of 231 and 263747.
11
What is the greatest common divisor of 33 and 1322849?
11
Calculate the highest common divisor of 36951 and 3270.
327
Calculate the highest common divisor of 1248 and 97734.
78
Calculate the greatest common divisor of 2642900 and 107.
107
What is the greatest common divisor of 37929 and 3807?
141
What is the greatest common factor of 42 and 126903?
21
What is the highest common factor of 747183 and 1578?
789
What is the greatest common factor of 5546 and 2537?
